{"id":123,"date":"2014-04-25T10:12:05","date_gmt":"2014-04-25T10:12:05","guid":{"rendered":"http:\/\/n.rtc-bezau.at\/?page_id=123"},"modified":"2025-04-14T10:59:03","modified_gmt":"2025-04-14T08:59:03","slug":"kindertraining","status":"publish","type":"page","link":"https:\/\/rtc-bezau.at\/?page_id=123","title":{"rendered":"Kurse"},"content":{"rendered":"<h3>Jugend und Kindertraining<img loading=\"lazy\" decoding=\"async\" data-attachment-id=\"910\" data-permalink=\"https:\/\/rtc-bezau.at\/?attachment_id=910\" data-orig-file=\"https:\/\/rtc-bezau.at\/wp-content\/uploads\/2014\/04\/Q-Siegel-Fit-f\u00fcr-\u00d6sterreich.jpg\" data-orig-size=\"591,602\" data-comments-opened=\"0\" data-image-meta=\"{&quot;aperture&quot;:&quot;0&quot;,&quot;credit&quot;:&quot;&quot;,&quot;camera&quot;:&quot;&quot;,&quot;caption&quot;:&quot;&quot;,&quot;created_timestamp&quot;:&quot;0&quot;,&quot;copyright&quot;:&quot;&quot;,&quot;focal_length&quot;:&quot;0&quot;,&quot;iso&quot;:&quot;0&quot;,&quot;shutter_speed&quot;:&quot;0&quot;,&quot;title&quot;:&quot;&quot;}\" data-image-title=\"Q-Siegel-Fit-f\u00fcr-\u00d6sterreich\" data-image-description=\"\" data-image-caption=\"\" data-large-file=\"https:\/\/rtc-bezau.at\/wp-content\/uploads\/2014\/04\/Q-Siegel-Fit-f\u00fcr-\u00d6sterreich.jpg\" class=\"alignleft wp-image-910 \" src=\"https:\/\/rtc-bezau.at\/wp-content\/uploads\/2014\/04\/Q-Siegel-Fit-f\u00fcr-\u00d6sterreich-150x150.jpg\" alt=\"Q-Siegel-Fit-f\u00fcr-\u00d6sterreich\" width=\"103\" height=\"103\" \/><\/h3>\n<p>Im Fr\u00fchjahr starten wir wieder mit den \u00dcbungseinheiten f\u00fcr unsere Kinder und Jugendlichen im Alter von 6-18 Jahren.<\/p>\n<p>Gespielt wird in zwei Bl\u00f6cken (Fr\u00fchling und Herbst)<br \/>\nmit je ca. 10 Einheiten. Unkostenbeitrag f\u00fcr Mitglieder: \u20ac 75,- pro Block.<br \/>\nNeben dem Schwingen des Schl\u00e4gers legen wir auch Wert auf koordinative und konditionelle Trainingsschwerpunkte.<\/p>\n<blockquote><p>\u00a0Anfrage und Anmeldung unter: <a href=\"mailto:tennis@rtc-bezau.at\">tennis@rtc-bezau.at<\/a><\/p><\/blockquote>\n<h3>Tenniskurse f\u00fcr Anf\u00e4nger und Fortgeschrittene<\/h3>\n<p>Ja nach Bedarf und Verf\u00fcgbarkeit der Trainer bietet der RTC Bezau Tenniskurse f\u00fcr Anf\u00e4nger und Fortgeschrittene an. Kosten und Termine auf Anfrage.<\/p>\n<blockquote><p>Anfrage und Anmeldung unter: <a href=\"mailto:tennis@rtc-bezau.at\">tennis@rtc-bezau.at<\/a><\/p><\/blockquote>\n","protected":false},"excerpt":{"rendered":"<p>Jugend und Kindertraining Im Fr\u00fchjahr starten wir wieder mit den \u00dcbungseinheiten f\u00fcr unsere Kinder und Jugendlichen im Alter von 6-18 Jahren. Gespielt wird in zwei Bl\u00f6cken (Fr\u00fchling und Herbst) mit je ca. 10 Einheiten. Unkostenbeitrag f\u00fcr Mitglieder: \u20ac 75,- pro Block. Neben dem Schwingen des Schl\u00e4gers legen wir auch Wert auf koordinative und konditionelle Trainingsschwerpunkte&#8230;.<\/p>\n","protected":false},"author":3,"featured_media":0,"parent":0,"menu_order":0,"comment_status":"closed","ping_status":"open","template":"","meta":{"jetpack_post_was_ever_published":false,"footnotes":""},"class_list":["post-123","page","type-page","status-publish","hentry"],"jetpack_shortlink":"https:\/\/wp.me\/P7z6iE-1Z","jetpack_sharing_enabled":true,"_links":{"self":[{"href":"https:\/\/rtc-bezau.at\/index.php?rest_route=\/wp\/v2\/pages\/123","targetHints":{"allow":["GET"]}}],"collection":[{"href":"https:\/\/rtc-bezau.at\/index.php?rest_route=\/wp\/v2\/pages"}],"about":[{"href":"https:\/\/rtc-bezau.at\/index.php?rest_route=\/wp\/v2\/types\/page"}],"author":[{"embeddable":true,"href":"https:\/\/rtc-bezau.at\/index.php?rest_route=\/wp\/v2\/users\/3"}],"replies":[{"embeddable":true,"href":"https:\/\/rtc-bezau.at\/index.php?rest_route=%2Fwp%2Fv2%2Fcomments&post=123"}],"version-history":[{"count":35,"href":"https:\/\/rtc-bezau.at\/index.php?rest_route=\/wp\/v2\/pages\/123\/revisions"}],"predecessor-version":[{"id":3132,"href":"https:\/\/rtc-bezau.at\/index.php?rest_route=\/wp\/v2\/pages\/123\/revisions\/3132"}],"wp:attachment":[{"href":"https:\/\/rtc-bezau.at\/index.php?rest_route=%2Fwp%2Fv2%2Fmedia&parent=123"}],"curies":[{"name":"wp","href":"https:\/\/api.w.org\/{rel}","templated":true}]}}